 and 20?
20
Let n = -18 - -19. What is the highest common factor of 7 and n?
1
Suppose -2*p + 0 = -64. Calculate the highest common factor of p and 80.
16
Let x(i) = -26*i + 51*i + i**3 - 27*i + 4*i**2. Let a = -9 + 5. Let k be x(a). What is the highest common factor of k and 20?
4
Let m be (3 + -1)*2/4. Suppose 5 = a - 2*d, 0*a - d = 2*a. What is the highest common factor of a and m?
1
Suppose -4*d + 6*d = 26. Calculate the greatest common divisor of 13 and d.
13
Let g be 0/((-1)/((-3)/(-6))). Suppose 2*u - 20 - 6 = g. Calculate the highest common factor of u and 52.
13
Let k = 9 - -6. Calculate the highest common factor of k and 75.
15
Let d be (4/6 + 0)*6. Suppose 3*g - 12 = -g, x - d*g = 10. Calculate the highest common divisor of x and 33.
11
Suppose -3*t = -0*t - 48. What is the greatest common factor of 64 and t?
16
Let s(l) = l - 10. Let o be s(8). Let k be ((-17)/o)/((-1)/(-2)). What is the greatest common divisor of k and 85?
17
Let b = -4 - -92. Suppose -5*z - 59 = -4*j, 0*z - 3*z = 9. What is the highest common factor of j and b?
11
Let q(r) = r**3 - 3*r**2 + 8*r - 6. Let b be q(5). Calculate the greatest common divisor of b and 21.
21
Let x(g) be the first derivative of g**3/3 - 4*g**2 - 9*g - 4. Let w be x(-12). What is the highest common factor of 33 and w?
33
Suppose 0 = 3*w - 15 - 27. Calculate the greatest common divisor of w and 7.
7
Let c be 112/(-14) - (1 + 0). Let d = c + 20. What is the greatest common divisor of 66 and d?
11
Let o = -106 + 121. Calculate the greatest common divisor of o and 10.
5
Suppose 0 = 3*c + 2*c - 20. Suppose -c + 19 = i. Calculate the greatest common divisor of 60 and i.
15
Let q = -21 - -25. What is the highest common factor of 68 and q?
4
Let w be 1/(1 - (-2)/(-4)). Let x(c) = -c**3 + 2*c**2 + c - 1. Let p be x(w). Suppose 3*n = 23 - 2. Calculate the greatest common divisor of n and p.
1
Suppose -5*x = -3*v - 10, 2*v + 12 = 4*x + 2. What is the highest common divisor of x and 5?
5
Let u be (-5 + 0)*(-10)/(-25). Let q be -2 + (-2)/u - -21. What is the greatest common factor of q and 160?
20
Let c(f) = 5*f. Let t be c(1). Let g(d) = 4 - d**2 - d - 3*d + 2. Let q be g(-5). What is the highest common divisor of t and q?
1
Let m be (1 - -1)*(-1 + 78). Suppose -3*s + 12 + 30 = 0. What is the greatest common divisor of s and m?
14
Suppose v = -8 + 16. Calculate the highest common factor of v and 12.
4
Let d(r) = r**3 - r**2 - r - 72. Let k be d(0). Let q be 521/5 - 3/15. Let j = k + q. What is the greatest common factor of j and 16?
16
Let q be ((-10)/30)/(2/24). Suppose -3*c - 2*v - 23 = 0, 0 = c + 5*v - 1. Let s = q - c. Calculate the highest common divisor of s and 5.
5
Let z(y) = 2*y**2 - 5*y - 3. Let k(f) = -f**2 + 5*f + 4. Let o be k(5). Let s be z(o). Calculate the highest common factor of s and 6.
3
Suppose 3*g + 5*z = 175, -5*g - 2*z + 0*z + 260 = 0. Calculate the greatest common factor of 125 and g.
25
Let d = -2 - -2. Suppose d = -3*q - 0 + 15. Suppose b = -4*l + l, -q*b - 10 = 5*l. What is the highest common factor of 2 and l?
1
Let w(k) = 2*k + 4. Let t(d) be the first derivative of d**4/4 - 2*d**3 + 5*d + 2. Let z be t(6). Let b be w(z). What is the highest common factor of 42 and b?
14
Suppose 2*m - 10 = -0*m. Suppose -3*l + 51 + 54 = 0. Calculate the highest common divisor of l and m.
5
Let g(v) = 12*v - 2. Let k be g(2). Let t(q) = 8*q - 22. Let d be t(3). What is the greatest common divisor of d and k?
2
Suppose 50 + 14 = 4*b. Calculate the highest common factor of 64 and b.
16
Let b(g) = -g + 1. Let q be 21/7 + -9*1. Let u be b(q). Suppose -3*o + c + 21 = -u, -11 = -o + 2*c. Calculate the greatest common divisor of o and 9.
9
Let a be (-2 - -1)/((-1)/18). Let d = -12 + a. Let k be -18*(d/(-4))/3. What is the highest common factor of 18 and k?
9
Suppose 2*i - 85 = -4*x + 3*i, 0 = 2*x - 5*i - 65. Let f be x - 1/2*4. Calculate the highest common divisor of 36 and f.
18
Suppose -z = -4 - 32. Let p be ((-82)/(-3))/((-8)/(-12)). Let s = p - 29. Calculate the greatest common factor of z and s.
12
Let o = 34 - 29. What is the greatest common divisor of 55 and o?
5
Suppose 0 = 5*w - 3*x - 39, w - 5*x + 0 = -1. Suppose 4*u + 3 = 15. What is the highest common divisor of u and w?
3
Suppose -n = -2*d - 5*n + 24, n + 1 = 0. Let h = -5 + d. Calculate the highest common factor of h and 45.
9
Let g be (-855)/(-36) - (-1)/4. Suppose -4*z - g = -5*j - 4, -6 = -2*j + 2*z. What is the highest common factor of 8 and j?
8
Suppose -n - 5 = -19. Calculate the highest common factor of n and 35.
7
Let q = 36 + 85. Let f be 8 - 3/(-1 + 0). Calculate the highest common divisor of f and q.
11
Suppose 0*z = 2*z + 8, 2*z = -2*k. Let n(w) = 2*w - k - 2 + 0. Let v be n(7). Calculate the highest common divisor of v and 2.
2
Suppose -3*s - 2*s = 85. Let y = -3 - s. Let q = -8 + y. Calculate the greatest common factor of 48 and q.
6
Suppose 0 = 3*k + 3*u - 471, 4*k - u - 658 = u. What is the highest common divisor of k and 18?
18
Let i = 11 - -31. Let r = -24 + i. Let w be (r/(-4))/((-2)/4). Calculate the highest common factor of 9 and w.
9
Suppose -2*q + 6 + 4 = 0. Suppose -q*c - 3*g + 65 = 0, 5*g = -5*c - 23 + 98. What is the highest common divisor of c and 10?
10
Let a = -41 + 195. Calculate the greatest common factor of 22 and a.
22
Suppose 10*t - 2062 = 1788. What is the highest common factor of t and 35?
35
Let u = 12 + -7. Suppose 0*p + 3*p - 15 = 0. Suppose 3*d + p*c = -5, 2*d - 2 = -c + 4. Calculate the greatest common factor of u and d.
5
Let u = 93 - 13. What is the highest common factor of u and 32?
16
Let g be -24*(-12)/9*1. What is the greatest common factor of 288 and g?
32
Let z be (16/6)/(2/6). Let j = 12 - 7. Suppose 2*i + 4 - 132 = -y, -i + j*y + 64 = 0. What is the greatest common divisor of i and z?
8
Suppose -2*x - 113 = 171. Let k = 2 - -4. Let n be (-2)/(-6) - x/k. What is the highest common divisor of n and 6?
6
Let x(z) = 3*z**2 - 8*z + 19. Let s be x(-8). Calculate the greatest common factor of 25 and s.
25
Suppose 3*k + 2*k - 73 = -4*i, -5 = -k. Let u be (-10)/(1 - 15/i). Calculate the highest common divisor of 16 and u.
8
Let j be -5 - 0 - (10 + -24). Calculate the greatest common factor of 189 and j.
9
Suppose 0*i - 4*i = 24. Let q(s) = -s - 5. Let f be q(i). Let d be 0/f - -1 - 0. What is the greatest common divisor of 5 and d?
1
Suppose -2*z = -w + 4*w - 361, -w - 5*z + 142 = 0. What is the highest common divisor of 9 and w?
9
Suppose 0 + 6 = 2*z. Calculate the highest common divisor of 33 and z.
3
Let c(d) = d**2 + d + 21. Let o(h) = -h**2 - 6*h - 5. Let u be o(-5). Let r be c(u). What is the greatest common divisor of r and 168?
21
Suppose -2*w + 6*w = 240. Let x(p) = -4*p - 9. Let k be x(-6). Calculate the greatest common factor of w and k.
15
Let f(m) = 37*m**2 - 9*m - 14. Let j be f(-2). What is the highest common divisor of j and 19?
19
Let p(z) = -8*z - 1. Let n be p(-6). Let b = n + -26. Suppose -5*i + 2*q + 8 + b = 0, 2*q = 3*i - 19. Calculate the highest common divisor of i and 15.
5
Let a(r) = -r**3 + r**2 - r - 2. Let h be a(2). Let g be (-5)/((-10)/(-4)) - h. Let l be (-16 - -21) + (0 - 2). Calculate the highest common divisor of l and g.
3
Let m = -4 - -3. Let s = m - 4. Let f be 2/s - (-186)/15. Calculate the greatest common factor of 12 and f.
12
Let c be (187/(-66)*2)/(2/(-30)). Calculate the greatest common divisor of 17 and c.
17
Suppose 0 = 4*t - 16 - 12. Suppose -3*z = -0*z - 3. What is the greatest common divisor of t and z?
1
Let p be (-3)/(1 + 50/(-15) + 2). Calculate the greatest common divisor of 6 and p.
3
Let g = 4 + -4. Let t = g - 2. Let b be (-2)/t*(1 - -208). Calculate the greatest common divisor of 19 and b.
19
Suppose -10*z + 7*z - 18 = 0. Let n(v) = -9 + v**3 + 0*v - 2*v - 3*v + 6*v**2. Let f be n(z). What is the highest common factor of f and 147?
21
Let a(d) = 10*d**2 + d - 1. Let x be a(1). Calculate the highest common divisor of 25 and x.
5
Suppose -2*q - f - 149 = -6*q, 0 = -2*q + 2*f + 82. Let m = 10 + 14. What is the highest common factor of q and m?
12
Let p(f) = -3*f - 8. Let y be p(-3). What is the highest common factor of y and 13?
1
Let k(d) = 3*d + 3. Let s = 0 + 4. Let i be k(s). Let w(q) = -q**2 + 10. Let b be w(0). Calculate the gr